 + 70 = 0, -3*l + l = -3*q - 49. What is the tens digit of l?
2
Let u(c) be the first derivative of c**4/4 + 8*c**3/3 + 7*c**2/2 + 8*c + 10. What is the tens digit of u(-6)?
3
Suppose 0 = -5*a + 73 + 147. What is the tens digit of a?
4
Suppose 0 = -0*c - c - 2, 5*c - 2 = t. Let q = 22 + t. What is the units digit of q?
0
Let p(k) = -k**2 - 5*k - 4. Let j be p(-3). Suppose j*u + 20 = -3*u. Let g = 5 + u. What is the units digit of g?
1
Let t(w) be the second derivative of -w**3/6 + 5*w**2 + 4*w. Let r(a) = a**3 + 6*a**2 + 4*a + 3. Let c be r(-5). What is the units digit of t(c)?
2
Let r(k) = -3*k + 3*k**2 + k**3 - k**2 + 3*k**2 - 5 + 3. Let i(j) = 3*j + 4. Let f be i(-3). What is the tens digit of r(f)?
1
Let v(t) = 2*t - 4. Let o = 8 - 5. Let b be v(o). Suppose 5 = -n, -16 = -b*j - n + 3*n. What is the units digit of j?
3
Let p be ((12/(-16))/(-1))/((-3)/(-252)). Suppose -4*d + 259 = 7*a - 2*a, -a = d - 66. Suppose 5*s = 4*r + d, 0*r = -4*s - 3*r + p. What is the tens digit of s?
1
Let o = 15 + -11. Suppose j + 2*k = -0 + 3, -5*j - k + 24 = 0. Suppose -o*p + j*p = 5. What is the units digit of p?
5
Let s be 4/6 - (-60)/18. What is the units digit of -7*(-1 + s - 4)?
7
Let p(j) = -j - 3. Let f be p(-5). Suppose 0 = -2*r + 3*o, -3*r - f*r + o = -13. What is the units digit of r?
3
What is the tens digit of (-153)/(-4 - -1)*1?
5
Let r(t) = -t - 4. Suppose z - 2*c - 4 = 0, 6*c + 49 = -4*z + c. Let v be r(z). Suppose -2 = -v*w - 5*y + 4, -w + 5*y + 18 = 0. What is the units digit of w?
8
Let j = 25 + -74. What is the tens digit of (j + 4)*3/(-9)?
1
What is the hundreds digit of (7 - 1)*291/9?
1
What is the units digit of 4 - (1 + -41 + 4)?
0
Let y be (6 + -5)/(2/4). What is the units digit of y - 0 - (2 + -24)?
4
Let j(g) be the second derivative of g**4/8 - g**3/6 + g**2 - 3*g. Let h(s) be the first derivative of j(s). What is the units digit of h(6)?
7
Suppose 2*s = -2*b + 456, -4*b + 93 + 132 = s. What is the tens digit of s?
2
Suppose -c + d + 34 = 0, 0 = -c - 2*d - 21 + 64. What is the units digit of c?
7
Suppose -2*d = -2*j - 134, 8*j - 3*j - 141 = -2*d. What is the units digit of d?
8
Let v(q) = 27*q + 3. What is the tens digit of v(9)?
4
Let q(n) = -8*n**2 - 9*n**2 + 18*n**2 - n - 11. What is the units digit of q(6)?
9
Let o = -39 + 65. Suppose 4*c - 2*c - o = 0. What is the units digit of c?
3
Suppose 0 = o - 3*o + 3*z + 33, 3*z = 3*o - 45. Let l = 11 - o. What is the units digit of 3/9*(-63)/l?
1
Let v(o) = -o. Let u be v(0). Suppose 0 = -2*b + 2*z + 12, -42 = -5*b - u*z - z. What is the units digit of b?
8
Let j(l) = l + 13. Let n be j(-15). What is the tens digit of n/(-12) + 514/12?
4
Let t = -4 - -8. Suppose 16 + 16 = -t*j. Let g(o) = o**2 + 8*o + 12. What is the units digit of g(j)?
2
Suppose -2*p + 2 = -6. Suppose -5*h = p*l - 99, 3*l - l = -3*h + 51. What is the units digit of l?
1
Let d = 14 - 6. What is the units digit of d?
8
Let t = -135 + 249. What is the hundreds digit of t?
1
Suppose -4*z + 170 = -5*v, -11 + 1 = 5*v. What is the units digit of z?
0
Suppose 0 = s - n - 13 - 21, 5 = n. Suppose -4*f = 3*j - 56 - s, -3*f + 6 = 0. What is the units digit of j?
9
Let y = 1 - -10. Let w = 5 + y. What is the tens digit of w?
1
Let k be 1173/15 - 2/10. Let p = k - 51. What is the units digit of p?
7
Let r(h) = -h**2 + 6*h + 4. Let m be r(6). Suppose m*k - 239 = -47. What is the tens digit of k?
4
Let w = 10 - 5. Let p = w - -14. What is the units digit of p?
9
Let a(d) = -2 - 3 + d + 7 + 5. What is the units digit of a(-6)?
1
Let y be (-2)/(0 - 1 - 1). Let c be 2/((-2)/y)*1. Let r = 7 + c. What is the units digit of r?
6
Suppose -43 = -2*x + 5. What is the tens digit of x?
2
Suppose 0 = 4*w - 5 + 13. What is the units digit of (-276)/(-5) + w/10?
5
Let n(t) = -t**2 - 2*t - 4. Let y be n(-4). Let j(b) = b**2 + 13*b + 17. What is the units digit of j(y)?
5
Let c = -2 - -5. Suppose 8 = c*b - b. What is the units digit of b?
4
Let l(m) = -m**3 - 9*m**2 - 3*m + 22. What is the units digit of l(-9)?
9
Let f = 35 - 83. Let s = -12 - f. What is the tens digit of s?
3
Let u(w) = 5*w**3 - w**2 + 2*w - 1. Let x be u(1). Let f(k) = 0*k + 1 - 2 + 2*k. What is the units digit of f(x)?
9
Suppose 2*b - 3*w + 5 = 4*b, -w + 7 = -2*b. What is the units digit of 3/6*(-8)/b?
2
Suppose 2 = -5*g - 3. Let r = 11 - g. Suppose -3*m = -0*m - r. What is the units digit of m?
4
Let k(j) = j. Let x(t) = t**3 - t**2 - 4*t - 11. Let v(d) = -5*k(d) - x(d). What is the tens digit of v(0)?
1
Let k(n) = n**2 - 2*n + 2. Let i be k(3). Suppose 105 = 3*h - 6*b + b, i*h + 2*b - 144 = 0. What is the tens digit of h?
3
Let k be 721/21 + 4/6. Suppose k = 3*b + 2*b. What is the units digit of b?
7
Let v(t) = -t**2 - 4*t + 2. Let a be v(-4). Suppose -a*r - 2 = 2, -12 = -5*n + r. Suppose -3*m - n*m = -15. What is the units digit of m?
3
Suppose 0 = -3*o + 13 + 5. Suppose -o = -5*z + 2*z. Suppose z*f - 2 = 8. What is the units digit of f?
5
Let f be (-4)/(-1)*(-18)/(-8). Let y(q) = -q**3 + q + 1. Let t(s) = -3*s**3 + 9*s**2 + 2*s - 11. Let m(r) = -t(r) + 2*y(r). What is the tens digit of m(f)?
1
Let j(p) = -8*p - 5. Let f(o) = 39*o + 24. Let u(v) = -5*f(v) - 24*j(v). What is the tens digit of u(-4)?
1
What is the tens digit of (-5 - 28/(-6))/((-3)/225)?
2
Let f(s) be the third derivative of s**6/120 + 2*s**5/15 - s**4/12 - 7*s**3/6 + 4*s**2. What is the units digit of f(-8)?
9
Suppose 5*y - 3*y - 2*q - 56 = 0, -2*y + 49 = 5*q. Suppose -5*g = -2*g - y. Suppose 2*u = g - 1. What is the units digit of u?
4
Let y = 17 - 1. What is the units digit of y/(-12)*33/(-2)?
2
Let f(x) = 3*x**2 + 3*x - 3. Let l be 30/(-9) + (-3)/(-9). What is the tens digit of f(l)?
1
Let u = -6 + -1. Let g(v) = -1 + 2 + v + 4 + 4. What is the units digit of g(u)?
2
Let p(x) = -x. Let n be p(-4). What is the units digit of (16/4)/(n/10)?
0
Suppose -43 - 22 = -5*h. Let f = -7 + h. What is the units digit of f?
6
Suppose 0 = 2*h + 13 - 43. Suppose a - 9 - h = 0. What is the tens digit of a?
2
Let v(a) = -a**3 + 3*a**2 + 1. Let k be v(2). Suppose k*n - 20 = 5*u, -4*u - 2 - 8 = -2*n. What is the units digit of u/(-1)*1 + 0?
1
Suppose -81 = 4*y + w, 105 = -5*y + w - 3. Let b = -15 - y. What is the units digit of b?
6
Suppose 2*u - 1548 = -10*u. What is the tens digit of u?
2
Suppose 5*k - 88 = -4*l, 5*l - 69 = 3*k + k. Suppose f + l = 5*j, -16 = -5*j + j. What is the units digit of f?
3
Let r = 38 + -16. What is the tens digit of r?
2
Let s(l) = -l**3 - 3*l**2 + 3*l + 5. What is the units digit of s(-4)?
9
Let s be -3 - ((-24)/3 + 3). Let b be (-1 + s + 3)/2. What is the tens digit of ((-2)/3)/(b/(-30))?
1
Suppose -2*u = -2*p + p - 4, -3*p = 5*u - 10. Suppose 4*b - 30 = -u*w, -3*w + 4*b + 31 = 3*b. What is the tens digit of w?
1
Let q(v) = -4*v + 14*v**3 + 8*v - 3*v. What is the tens digit of q(1)?
1
Let a(s) = s**2 - 2. What is the tens digit of a(-5)?
2
Let q(v) = -v**2 - 6*v - 9. Let z(k) = 2*k**2 + 11*k + 18. Let s(f) = -5*q(f) - 2*z(f). What is the units digit of s(-8)?
9
Let d(r) = r + 1. Let s be 9/4 - 2/8. Suppose s*l + 5*t = t + 6, 3*t - 7 = -2*l. What is the units digit of d(l)?
6
Let u(m) be the second derivative of 1/3*m**3 + 1/12*m**4 + m**2 + m + 0. What is the units digit of u(-2)?
2
Let p = -16 - -32. Suppose 3*x = p + 14. What is the tens digit of x?
1
What is the tens digit of ((-4)/6)/((-8)/276)?
2
Suppose 2*b - n - 81 = 0, -6*b + 4*n = -b - 204. Suppose -12 = 4*x - b. What is the units digit of x?
7
What is the units digit of (16/(-14))/(2/(-7))?
4
Let k(s) = s + 5. Let a be k(-6). Let x = a + 2. What is the units digit of x?
1
Let c(f) = -f**2 - 7*f - 3. Let y = 10 + 2. Suppose -z - y = z. What is the units digit of c(z)?
3
Let n(a) = a**3 + 5*a**2 + 5*a + 5. Let h be n(-4). Let i(r) = 7*r. Let y be i(h). What is the units digit of 1*y/((-14)/(-20))?
0
Let g be (3 - 1)*(-7)/(-2). Let a = g + 2. What is the units digit of a?
9
Let t(u) = 9 - 4*u - u + 6*u. Let g be t(-8). Let i = g + 4. What is the units digit of i?
5
Let y(n) = -245*n**3 - 2*n**2 + 2*n + 3. What is the units digit of y(-1)?
4
Suppose 5*w + 4*f = 5*f + 127, w - 5*f = 35. Suppose n - 6*n + w = 0. What is the units digit of n?
5
Let b(f) = f**3 + 11*f**2 + 6*f + 40. What is the units digit of b(-9)?
8
Let q(r) = 3*r + 19. Wh